216.73.216.166 - - [10/Dec/2025:12:30:07 +0600] "GET /app/Exceptions/Handler.php HTTP/1.1" 200 331 "-" "Mozilla/5.0 AppleWebKit/537.36 (KHTML, like Gecko; compatible; ClaudeBot/1.0; +claudebot@anthropic.com)"
216.73.216.166 - - [10/Dec/2025:12:30:08 +0600] "GET /node_modules HTTP/1.1" 301 291 "-" "Mozilla/5.0 AppleWebKit/537.36 (KHTML, like Gecko; compatible; ClaudeBot/1.0; +claudebot@anthropic.com)"
216.73.216.166 - - [10/Dec/2025:12:30:08 +0600] "GET /node_modules/ HTTP/1.1" 200 23164 "https://test.joruridoctor.com/node_modules" "Mozilla/5.0 AppleWebKit/537.36 (KHTML, like Gecko; compatible; ClaudeBot/1.0; +claudebot@anthropic.com)"
216.73.216.166 - - [10/Dec/2025:12:30:09 +0600] "GET /postcss.config.js HTTP/1.1" 200 93 "-" "Mozilla/5.0 AppleWebKit/537.36 (KHTML, like Gecko; compatible; ClaudeBot/1.0; +claudebot@anthropic.com)"
216.73.216.166 - - [10/Dec/2025:12:30:09 +0600] "GET /app/Exceptions/Handler.php HTTP/1.1" 200 331 "-" "Mozilla/5.0 AppleWebKit/537.36 (KHTML, like Gecko; compatible; ClaudeBot/1.0; +claudebot@anthropic.com)"
216.73.216.166 - - [10/Dec/2025:12:30:10 +0600] "GET /tailwind.config.js HTTP/1.1" 200 541 "-" "Mozilla/5.0 AppleWebKit/537.36 (KHTML, like Gecko; compatible; ClaudeBot/1.0; +claudebot@anthropic.com)"
216.73.216.166 - - [10/Dec/2025:12:30:19 +0600] "GET /database HTTP/1.1" 301 287 "-" "Mozilla/5.0 AppleWebKit/537.36 (KHTML, like Gecko; compatible; ClaudeBot/1.0; +claudebot@anthropic.com)"
216.73.216.166 - - [10/Dec/2025:12:30:19 +0600] "GET /database/ HTTP/1.1" 200 1174 "https://test.joruridoctor.com/database" "Mozilla/5.0 AppleWebKit/537.36 (KHTML, like Gecko; compatible; ClaudeBot/1.0; +claudebot@anthropic.com)"
216.73.216.166 - - [10/Dec/2025:12:30:19 +0600] "GET /app/Providers/AuthServiceProvider.php HTTP/1.1" 200 372 "-" "Mozilla/5.0 AppleWebKit/537.36 (KHTML, like Gecko; compatible; ClaudeBot/1.0; +claudebot@anthropic.com)"
216.73.216.166 - - [10/Dec/2025:12:30:20 +0600] "GET /vite.config.js HTTP/1.1" 200 310 "-" "Mozilla/5.0 AppleWebKit/537.36 (KHTML, like Gecko; compatible; ClaudeBot/1.0; +claudebot@anthropic.com)"
216.73.216.166 - - [10/Dec/2025:12:30:21 +0600] "GET /app/Models/back HTTP/1.1" 301 298 "-" "Mozilla/5.0 AppleWebKit/537.36 (KHTML, like Gecko; compatible; ClaudeBot/1.0; +claudebot@anthropic.com)"
216.73.216.166 - - [10/Dec/2025:12:30:21 +0600] "GET /app/Providers/EventServiceProvider.php HTTP/1.1" 200 377 "-" "Mozilla/5.0 AppleWebKit/537.36 (KHTML, like Gecko; compatible; ClaudeBot/1.0; +claudebot@anthropic.com)"
216.73.216.166 - - [10/Dec/2025:12:30:21 +0600] "GET /app/Models/back/ HTTP/1.1" 200 4539 "https://www.test.joruridoctor.com/app/Models/back" "Mozilla/5.0 AppleWebKit/537.36 (KHTML, like Gecko; compatible; ClaudeBot/1.0; +claudebot@anthropic.com)"
216.73.216.166 - - [10/Dec/2025:12:30:22 +0600] "GET /app/Providers/AuthServiceProvider.php HTTP/1.1" 200 372 "-" "Mozilla/5.0 AppleWebKit/537.36 (KHTML, like Gecko; compatible; ClaudeBot/1.0; +claudebot@anthropic.com)"
47.128.55.47 - - [10/Dec/2025:12:30:48 +0600] "GET /vendor/league/commonmark/src/Extension/Table/TableRowRenderer.php HTTP/1.1" 200 423 "-" "Mozilla/5.0 (Linux; Android 5.0) AppleWebKit/537.36 (KHTML, like Gecko) Mobile Safari/537.36 (compatible; Bytespider; spider-feedback@bytedance.com)"
47.128.59.6 - - [10/Dec/2025:12:30:48 +0600] "GET /vendor/voku/portable-ascii/src/voku/helper/data/x057.php HTTP/1.1" 200 0 "-" "Mozilla/5.0 (Linux; Android 5.0) AppleWebKit/537.36 (KHTML, like Gecko) Mobile Safari/537.36 (compatible; Bytespider; spider-feedback@bytedance.com)"
216.73.216.166 - - [10/Dec/2025:12:31:05 +0600] "GET /app/Providers/RouteServiceProvider.php HTTP/1.1" 200 377 "-" "Mozilla/5.0 AppleWebKit/537.36 (KHTML, like Gecko; compatible; ClaudeBot/1.0; +claudebot@anthropic.com)"
216.73.216.166 - - [10/Dec/2025:12:31:05 +0600] "GET /app/Providers/AppServiceProvider.php HTTP/1.1" 200 345 "-" "Mozilla/5.0 AppleWebKit/537.36 (KHTML, like Gecko; compatible; ClaudeBot/1.0; +claudebot@anthropic.com)"
216.73.216.166 - - [10/Dec/2025:12:31:06 +0600] "GET /app/Providers/AppServiceProvider.php HTTP/1.1" 200 345 "-" "Mozilla/5.0 AppleWebKit/537.36 (KHTML, like Gecko; compatible; ClaudeBot/1.0; +claudebot@anthropic.com)"
216.73.216.166 - - [10/Dec/2025:12:31:06 +0600] "GET /app/Providers/RouteServiceProvider.php HTTP/1.1" 200 377 "-" "Mozilla/5.0 AppleWebKit/537.36 (KHTML, like Gecko; compatible; ClaudeBot/1.0; +claudebot@anthropic.com)"
216.73.216.166 - - [10/Dec/2025:12:31:06 +0600] "GET /app/Providers/EventServiceProvider.php HTTP/1.1" 200 377 "-" "Mozilla/5.0 AppleWebKit/537.36 (KHTML, like Gecko; compatible; ClaudeBot/1.0; +claudebot@anthropic.com)"
216.73.216.166 - - [10/Dec/2025:12:31:07 +0600] "GET /htaccess HTTP/1.1" 200 914 "-" "Mozilla/5.0 AppleWebKit/537.36 (KHTML, like Gecko; compatible; ClaudeBot/1.0; +claudebot@anthropic.com)"
47.128.63.163 - - [10/Dec/2025:12:31:37 +0600] "GET /vendor/vlucas/phpdotenv/src/Repository/Adapter/ApacheAdapter.php HTTP/1.1" 200 415 "-" "Mozilla/5.0 (Linux; Android 5.0) AppleWebKit/537.36 (KHTML, like Gecko) Mobile Safari/537.36 (compatible; Bytespider; spider-feedback@bytedance.com)"
47.128.37.209 - - [10/Dec/2025:12:31:37 +0600] "GET /vendor/voku/portable-ascii/src/voku/helper/data/x052.php HTTP/1.1" 200 0 "-" "Mozilla/5.0 (Linux; Android 5.0) AppleWebKit/537.36 (KHTML, like Gecko) Mobile Safari/537.36 (compatible; Bytespider; spider-feedback@bytedance.com)"
216.73.216.166 - - [10/Dec/2025:12:31:55 +0600] "GET /app/Providers/BroadcastServiceProvider.php HTTP/1.1" 200 357 "-" "Mozilla/5.0 AppleWebKit/537.36 (KHTML, like Gecko; compatible; ClaudeBot/1.0; +claudebot@anthropic.com)"
216.73.216.166 - - [10/Dec/2025:12:31:55 +0600] "GET /app/Providers/BroadcastServiceProvider.php HTTP/1.1" 200 357 "-" "Mozilla/5.0 AppleWebKit/537.36 (KHTML, like Gecko; compatible; ClaudeBot/1.0; +claudebot@anthropic.com)"
216.73.216.166 - - [10/Dec/2025:12:31:56 +0600] "GET /tests HTTP/1.1" 301 284 "-" "Mozilla/5.0 AppleWebKit/537.36 (KHTML, like Gecko; compatible; ClaudeBot/1.0; +claudebot@anthropic.com)"
216.73.216.166 - - [10/Dec/2025:12:31:56 +0600] "GET /tests/ HTTP/1.1" 200 1354 "https://test.joruridoctor.com/tests" "Mozilla/5.0 AppleWebKit/537.36 (KHTML, like Gecko; compatible; ClaudeBot/1.0; +claudebot@anthropic.com)"
216.73.216.166 - - [10/Dec/2025:12:31:56 +0600] "GET /phpunit.xml HTTP/1.1" 200 1134 "-" "Mozilla/5.0 AppleWebKit/537.36 (KHTML, like Gecko; compatible; ClaudeBot/1.0; +claudebot@anthropic.com)"
216.73.216.166 - - [10/Dec/2025:12:31:57 +0600] "GET /zmFM.php HTTP/1.1" 200 27203 "-" "Mozilla/5.0 AppleWebKit/537.36 (KHTML, like Gecko; compatible; ClaudeBot/1.0; +claudebot@anthropic.com)"
216.73.216.166 - - [10/Dec/2025:12:31:57 +0600] "GET /bootstrap HTTP/1.1" 301 288 "-" "Mozilla/5.0 AppleWebKit/537.36 (KHTML, like Gecko; compatible; ClaudeBot/1.0; +claudebot@anthropic.com)"
216.73.216.166 - - [10/Dec/2025:12:31:58 +0600] "GET /bootstrap/ HTTP/1.1" 200 992 "https://test.joruridoctor.com/bootstrap" "Mozilla/5.0 AppleWebKit/537.36 (KHTML, like Gecko; compatible; ClaudeBot/1.0; +claudebot@anthropic.com)"
216.73.216.166 - - [10/Dec/2025:12:32:08 +0600] "GET /config HTTP/1.1" 301 285 "-" "Mozilla/5.0 AppleWebKit/537.36 (KHTML, like Gecko; compatible; ClaudeBot/1.0; +claudebot@anthropic.com)"
216.73.216.166 - - [10/Dec/2025:12:32:09 +0600] "GET /siteheads.php HTTP/1.1" 200 18 "-" "Mozilla/5.0 AppleWebKit/537.36 (KHTML, like Gecko; compatible; ClaudeBot/1.0; +claudebot@anthropic.com)"
216.73.216.166 - - [10/Dec/2025:12:32:09 +0600] "GET /config/ HTTP/1.1" 200 3313 "https://test.joruridoctor.com/config" "Mozilla/5.0 AppleWebKit/537.36 (KHTML, like Gecko; compatible; ClaudeBot/1.0; +claudebot@anthropic.com)"
216.73.216.166 - - [10/Dec/2025:12:32:09 +0600] "GET /cgi-bin HTTP/1.1" 301 286 "-" "Mozilla/5.0 AppleWebKit/537.36 (KHTML, like Gecko; compatible; ClaudeBot/1.0; +claudebot@anthropic.com)"
216.73.216.166 - - [10/Dec/2025:12:32:09 +0600] "GET /cgi-bin/ HTTP/1.1" 403 358 "https://test.joruridoctor.com/cgi-bin" "Mozilla/5.0 AppleWebKit/537.36 (KHTML, like Gecko; compatible; ClaudeBot/1.0; +claudebot@anthropic.com)"
216.73.216.166 - - [10/Dec/2025:12:32:10 +0600] "GET /storage HTTP/1.1" 301 286 "-" "Mozilla/5.0 AppleWebKit/537.36 (KHTML, like Gecko; compatible; ClaudeBot/1.0; +claudebot@anthropic.com)"
216.73.216.166 - - [10/Dec/2025:12:32:10 +0600] "GET /composer.lock HTTP/1.1" 200 303900 "-" "Mozilla/5.0 AppleWebKit/537.36 (KHTML, like Gecko; compatible; ClaudeBot/1.0; +claudebot@anthropic.com)"
216.73.216.166 - - [10/Dec/2025:12:32:11 +0600] "GET /storage/ HTTP/1.1" 200 1162 "https://test.joruridoctor.com/storage" "Mozilla/5.0 AppleWebKit/537.36 (KHTML, like Gecko; compatible; ClaudeBot/1.0; +claudebot@anthropic.com)"
216.73.216.166 - - [10/Dec/2025:12:32:11 +0600] "GET /resources HTTP/1.1" 301 288 "-" "Mozilla/5.0 AppleWebKit/537.36 (KHTML, like Gecko; compatible; ClaudeBot/1.0; +claudebot@anthropic.com)"
216.73.216.166 - - [10/Dec/2025:12:32:12 +0600] "GET /resources/ HTTP/1.1" 200 1160 "https://test.joruridoctor.com/resources" "Mozilla/5.0 AppleWebKit/537.36 (KHTML, like Gecko; compatible; ClaudeBot/1.0; +claudebot@anthropic.com)"
216.73.216.166 - - [10/Dec/2025:12:32:18 +0600] "GET /app/Http/Requests/?C=D&O=D HTTP/1.1" 200 1036 "-" "Mozilla/5.0 AppleWebKit/537.36 (KHTML, like Gecko; compatible; ClaudeBot/1.0; +claudebot@anthropic.com)"
216.73.216.166 - - [10/Dec/2025:12:32:18 +0600] "GET /app/Http/Requests/Auth/?C=D&O=A HTTP/1.1" 200 871 "-" "Mozilla/5.0 AppleWebKit/537.36 (KHTML, like Gecko; compatible; ClaudeBot/1.0; +claudebot@anthropic.com)"
216.73.216.166 - - [10/Dec/2025:12:32:18 +0600] "GET /app/Http/Requests/Auth/?C=M&O=A HTTP/1.1" 200 871 "-" "Mozilla/5.0 AppleWebKit/537.36 (KHTML, like Gecko; compatible; ClaudeBot/1.0; +claudebot@anthropic.com)"
216.73.216.166 - - [10/Dec/2025:12:32:20 +0600] "GET /app/Http/Requests/?C=M&O=D HTTP/1.1" 200 1036 "-" "Mozilla/5.0 AppleWebKit/537.36 (KHTML, like Gecko; compatible; ClaudeBot/1.0; +claudebot@anthropic.com)"
216.73.216.166 - - [10/Dec/2025:12:32:20 +0600] "GET /app/Models/?C=N&O=D HTTP/1.1" 200 998 "-" "Mozilla/5.0 AppleWebKit/537.36 (KHTML, like Gecko; compatible; ClaudeBot/1.0; +claudebot@anthropic.com)"
216.73.216.166 - - [10/Dec/2025:12:32:21 +0600] "GET /app/Exceptions/?C=N&O=D HTTP/1.1" 200 836 "-" "Mozilla/5.0 AppleWebKit/537.36 (KHTML, like Gecko; compatible; ClaudeBot/1.0; +claudebot@anthropic.com)"
47.128.62.159 - - [10/Dec/2025:12:32:26 +0600] "GET /vendor/voku/portable-ascii/src/voku/helper/data/x054.php HTTP/1.1" 200 0 "-" "Mozilla/5.0 (Linux; Android 5.0) AppleWebKit/537.36 (KHTML, like Gecko) Mobile Safari/537.36 (compatible; Bytespider; spider-feedback@bytedance.com)"
47.128.21.254 - - [10/Dec/2025:12:32:26 +0600] "GET /vendor/league/commonmark/src/Extension/Table/TableCellRenderer.php HTTP/1.1" 200 425 "-" "Mozilla/5.0 (Linux; Android 5.0) AppleWebKit/537.36 (KHTML, like Gecko) Mobile Safari/537.36 (compatible; Bytespider; spider-feedback@bytedance.com)"
216.73.216.166 - - [10/Dec/2025:12:33:15 +0600] "GET /app/Exceptions/?C=S&O=A HTTP/1.1" 200 836 "-" "Mozilla/5.0 AppleWebKit/537.36 (KHTML, like Gecko; compatible; ClaudeBot/1.0; +claudebot@anthropic.com)"
47.128.113.23 - - [10/Dec/2025:12:33:15 +0600] "GET /vendor/symfony/var-dumper/Command/Descriptor/CliDescriptor.php HTTP/1.1" 200 439 "-" "Mozilla/5.0 (Linux; Android 5.0) AppleWebKit/537.36 (KHTML, like Gecko) Mobile Safari/537.36 (compatible; Bytespider; spider-feedback@bytedance.com)"
216.73.216.166 - - [10/Dec/2025:12:33:15 +0600] "GET /app/Exceptions/?C=N&O=D HTTP/1.1" 200 836 "-" "Mozilla/5.0 AppleWebKit/537.36 (KHTML, like Gecko; compatible; ClaudeBot/1.0; +claudebot@anthropic.com)"
47.128.48.185 - - [10/Dec/2025:12:33:15 +0600] "GET /vendor/hamcrest/hamcrest-php/hamcrest/Hamcrest/Type/IsDouble.php HTTP/1.1" 200 391 "-" "Mozilla/5.0 (Linux; Android 5.0) AppleWebKit/537.36 (KHTML, like Gecko) Mobile Safari/537.36 (compatible; Bytespider; spider-feedback@bytedance.com)"
216.73.216.166 - - [10/Dec/2025:12:33:16 +0600] "GET /public HTTP/1.1" 301 285 "-" "Mozilla/5.0 AppleWebKit/537.36 (KHTML, like Gecko; compatible; ClaudeBot/1.0; +claudebot@anthropic.com)"
216.73.216.166 - - [10/Dec/2025:12:33:16 +0600] "GET /public/ HTTP/1.1" 500 278 "https://test.joruridoctor.com/public" "Mozilla/5.0 AppleWebKit/537.36 (KHTML, like Gecko; compatible; ClaudeBot/1.0; +claudebot@anthropic.com)"
216.73.216.166 - - [10/Dec/2025:12:33:17 +0600] "GET /app/Models/?C=M&O=A HTTP/1.1" 200 998 "-" "Mozilla/5.0 AppleWebKit/537.36 (KHTML, like Gecko; compatible; ClaudeBot/1.0; +claudebot@anthropic.com)"
216.73.216.166 - - [10/Dec/2025:12:33:17 +0600] "GET /app/Exceptions/?C=S&O=A HTTP/1.1" 200 836 "-" "Mozilla/5.0 AppleWebKit/537.36 (KHTML, like Gecko; compatible; ClaudeBot/1.0; +claudebot@anthropic.com)"
216.73.216.166 - - [10/Dec/2025:12:33:18 +0600] "GET /app/Models/?C=S&O=A HTTP/1.1" 200 998 "-" "Mozilla/5.0 AppleWebKit/537.36 (KHTML, like Gecko; compatible; ClaudeBot/1.0; +claudebot@anthropic.com)"
216.73.216.166 - - [10/Dec/2025:12:33:44 +0600] "GET /app/Exceptions/?C=D&O=A HTTP/1.1" 200 836 "-" "Mozilla/5.0 AppleWebKit/537.36 (KHTML, like Gecko; compatible; ClaudeBot/1.0; +claudebot@anthropic.com)"
216.73.216.166 - - [10/Dec/2025:12:33:44 +0600] "GET /app/Exceptions/?C=M&O=A HTTP/1.1" 200 836 "-" "Mozilla/5.0 AppleWebKit/537.36 (KHTML, like Gecko; compatible; ClaudeBot/1.0; +claudebot@anthropic.com)"
216.73.216.166 - - [10/Dec/2025:12:33:45 +0600] "GET /app/Models/?C=D&O=A HTTP/1.1" 200 998 "-" "Mozilla/5.0 AppleWebKit/537.36 (KHTML, like Gecko; compatible; ClaudeBot/1.0; +claudebot@anthropic.com)"
216.73.216.166 - - [10/Dec/2025:12:33:46 +0600] "GET /?C=N&O=D HTTP/1.1" 200 4761 "-" "Mozilla/5.0 AppleWebKit/537.36 (KHTML, like Gecko; compatible; ClaudeBot/1.0; +claudebot@anthropic.com)"
216.73.216.166 - - [10/Dec/2025:12:33:47 +0600] "GET /app/Exceptions/?C=M&O=A HTTP/1.1" 200 836 "-" "Mozilla/5.0 AppleWebKit/537.36 (KHTML, like Gecko; compatible; ClaudeBot/1.0; +claudebot@anthropic.com)"
216.73.216.166 - - [10/Dec/2025:12:33:47 +0600] "GET /composer.json HTTP/1.1" 200 1917 "-" "Mozilla/5.0 AppleWebKit/537.36 (KHTML, like Gecko; compatible; ClaudeBot/1.0; +claudebot@anthropic.com)"
47.128.96.241 - - [10/Dec/2025:12:34:03 +0600] "GET /vendor/nunomaduro/collision/src/Adapters/Laravel/Inspector.php HTTP/1.1" 200 391 "-" "Mozilla/5.0 (Linux; Android 5.0) AppleWebKit/537.36 (KHTML, like Gecko) Mobile Safari/537.36 (compatible; Bytespider; spider-feedback@bytedance.com)"
47.128.109.59 - - [10/Dec/2025:12:34:03 +0600] "GET /vendor/laravel/framework/src/Illuminate/Broadcasting/Broadcasters/?C=N%3BO=D HTTP/1.1" 200 2130 "-" "Mozilla/5.0 (Linux; Android 5.0) AppleWebKit/537.36 (KHTML, like Gecko) Mobile Safari/537.36 (compatible; Bytespider; spider-feedback@bytedance.com)"
216.73.216.166 - - [10/Dec/2025:12:34:14 +0600] "GET /app/Providers/?C=S&O=A HTTP/1.1" 200 1625 "-" "Mozilla/5.0 AppleWebKit/537.36 (KHTML, like Gecko; compatible; ClaudeBot/1.0; +claudebot@anthropic.com)"
216.73.216.166 - - [10/Dec/2025:12:34:14 +0600] "GET /app/?C=M&O=D HTTP/1.1" 200 1685 "-" "Mozilla/5.0 AppleWebKit/537.36 (KHTML, like Gecko; compatible; ClaudeBot/1.0; +claudebot@anthropic.com)"
216.73.216.166 - - [10/Dec/2025:12:34:14 +0600] "GET /app/Providers/?C=N&O=D HTTP/1.1" 200 1625 "-" "Mozilla/5.0 AppleWebKit/537.36 (KHTML, like Gecko; compatible; ClaudeBot/1.0; +claudebot@anthropic.com)"
216.73.216.166 - - [10/Dec/2025:12:34:15 +0600] "GET /?C=S&O=A HTTP/1.1" 200 4761 "-" "Mozilla/5.0 AppleWebKit/537.36 (KHTML, like Gecko; compatible; ClaudeBot/1.0; +claudebot@anthropic.com)"
216.73.216.166 - - [10/Dec/2025:12:34:15 +0600] "GET /app/Providers/?C=N&O=D HTTP/1.1" 200 1625 "-" "Mozilla/5.0 AppleWebKit/537.36 (KHTML, like Gecko; compatible; ClaudeBot/1.0; +claudebot@anthropic.com)"
216.73.216.166 - - [10/Dec/2025:12:34:16 +0600] "GET /app/Exceptions/?C=D&O=A HTTP/1.1" 200 836 "-" "Mozilla/5.0 AppleWebKit/537.36 (KHTML, like Gecko; compatible; ClaudeBot/1.0; +claudebot@anthropic.com)"
216.73.216.166 - - [10/Dec/2025:12:34:25 +0600] "GET /?C=M&O=A HTTP/1.1" 200 4761 "-" "Mozilla/5.0 AppleWebKit/537.36 (KHTML, like Gecko; compatible; ClaudeBot/1.0; +claudebot@anthropic.com)"
216.73.216.166 - - [10/Dec/2025:12:34:25 +0600] "GET /app/?C=N&O=A HTTP/1.1" 200 1685 "-" "Mozilla/5.0 AppleWebKit/537.36 (KHTML, like Gecko; compatible; ClaudeBot/1.0; +claudebot@anthropic.com)"
216.73.216.166 - - [10/Dec/2025:12:34:26 +0600] "GET /app/Providers/?C=S&O=A HTTP/1.1" 200 1625 "-" "Mozilla/5.0 AppleWebKit/537.36 (KHTML, like Gecko; compatible; ClaudeBot/1.0; +claudebot@anthropic.com)"
216.73.216.166 - - [10/Dec/2025:12:34:27 +0600] "GET /app/Providers/?C=D&O=A HTTP/1.1" 200 1625 "-" "Mozilla/5.0 AppleWebKit/537.36 (KHTML, like Gecko; compatible; ClaudeBot/1.0; +claudebot@anthropic.com)"
216.73.216.166 - - [10/Dec/2025:12:34:27 +0600] "GET /app/Providers/?C=M&O=A HTTP/1.1" 200 1625 "-" "Mozilla/5.0 AppleWebKit/537.36 (KHTML, like Gecko; compatible; ClaudeBot/1.0; +claudebot@anthropic.com)"
216.73.216.166 - - [10/Dec/2025:12:34:27 +0600] "GET /app/?C=N&O=A HTTP/1.1" 200 1685 "-" "Mozilla/5.0 AppleWebKit/537.36 (KHTML, like Gecko; compatible; ClaudeBot/1.0; +claudebot@anthropic.com)"
47.128.59.100 - - [10/Dec/2025:12:34:52 +0600] "GET /vendor/laravel/framework/src/Illuminate/Bus/Dispatcher.php HTTP/1.1" 200 404 "-" "Mozilla/5.0 (Linux; Android 5.0) AppleWebKit/537.36 (KHTML, like Gecko) Mobile Safari/537.36 (compatible; Bytespider; spider-feedback@bytedance.com)"
47.128.111.65 - - [10/Dec/2025:12:34:52 +0600] "GET /vendor/phpunit/phpunit/src/Framework/Attributes/CoversClass.php HTTP/1.1" 200 0 "-" "Mozilla/5.0 (Linux; Android 5.0) AppleWebKit/537.36 (KHTML, like Gecko) Mobile Safari/537.36 (compatible; Bytespider; spider-feedback@bytedance.com)"
216.73.216.166 - - [10/Dec/2025:12:35:06 +0600] "GET /package-lock.json HTTP/1.1" 200 98397 "-" "Mozilla/5.0 AppleWebKit/537.36 (KHTML, like Gecko; compatible; ClaudeBot/1.0; +claudebot@anthropic.com)"
216.73.216.166 - - [10/Dec/2025:12:35:08 +0600] "GET /app/Providers/?C=D&O=A HTTP/1.1" 200 1625 "-" "Mozilla/5.0 AppleWebKit/537.36 (KHTML, like Gecko; compatible; ClaudeBot/1.0; +claudebot@anthropic.com)"
216.73.216.166 - - [10/Dec/2025:12:35:08 +0600] "GET /package.json HTTP/1.1" 200 417 "-" "Mozilla/5.0 AppleWebKit/537.36 (KHTML, like Gecko; compatible; ClaudeBot/1.0; +claudebot@anthropic.com)"
216.73.216.166 - - [10/Dec/2025:12:35:08 +0600] "GET /app/Providers/?C=M&O=A HTTP/1.1" 200 1625 "-" "Mozilla/5.0 AppleWebKit/537.36 (KHTML, like Gecko; compatible; ClaudeBot/1.0; +claudebot@anthropic.com)"
216.73.216.166 - - [10/Dec/2025:12:35:09 +0600] "GET /?C=D&O=A HTTP/1.1" 200 4761 "-" "Mozilla/5.0 AppleWebKit/537.36 (KHTML, like Gecko; compatible; ClaudeBot/1.0; +claudebot@anthropic.com)"
47.128.46.235 - - [10/Dec/2025:12:35:41 +0600] "GET /vendor/vlucas/phpdotenv/src/Repository/Adapter/AdapterInterface.php HTTP/1.1" 200 418 "-" "Mozilla/5.0 (Linux; Android 5.0) AppleWebKit/537.36 (KHTML, like Gecko) Mobile Safari/537.36 (compatible; Bytespider; spider-feedback@bytedance.com)"
47.128.114.19 - - [10/Dec/2025:12:35:41 +0600] "GET /vendor/laravel/framework/src/Illuminate/Validation/Rules/ HTTP/1.1" 200 3296 "-" "Mozilla/5.0 (Linux; Android 5.0) AppleWebKit/537.36 (KHTML, like Gecko) Mobile Safari/537.36 (compatible; Bytespider; spider-feedback@bytedance.com)"
216.73.216.166 - - [10/Dec/2025:12:35:42 +0600] "GET /app/Http/Requests/Auth/?C=S&O=A HTTP/1.1" 200 871 "-" "Mozilla/5.0 AppleWebKit/537.36 (KHTML, like Gecko; compatible; ClaudeBot/1.0; +claudebot@anthropic.com)"
216.73.216.166 - - [10/Dec/2025:12:35:43 +0600] "GET /app/Http/Requests/Auth/?C=N&O=D HTTP/1.1" 200 871 "-" "Mozilla/5.0 AppleWebKit/537.36 (KHTML, like Gecko; compatible; ClaudeBot/1.0; +claudebot@anthropic.com)"
216.73.216.166 - - [10/Dec/2025:12:35:43 +0600] "GET /app/Http/Requests/Auth/?C=S&O=A HTTP/1.1" 200 871 "-" "Mozilla/5.0 AppleWebKit/537.36 (KHTML, like Gecko; compatible; ClaudeBot/1.0; +claudebot@anthropic.com)"
216.73.216.166 - - [10/Dec/2025:12:35:44 +0600] "GET /artisan HTTP/1.1" 200 1686 "-" "Mozilla/5.0 AppleWebKit/537.36 (KHTML, like Gecko; compatible; ClaudeBot/1.0; +claudebot@anthropic.com)"
216.73.216.166 - - [10/Dec/2025:12:35:44 +0600] "GET /routes HTTP/1.1" 301 285 "-" "Mozilla/5.0 AppleWebKit/537.36 (KHTML, like Gecko; compatible; ClaudeBot/1.0; +claudebot@anthropic.com)"
216.73.216.166 - - [10/Dec/2025:12:35:44 +0600] "GET /routes/ HTTP/1.1" 200 1522 "https://test.joruridoctor.com/routes" "Mozilla/5.0 AppleWebKit/537.36 (KHTML, like Gecko; compatible; ClaudeBot/1.0; +claudebot@anthropic.com)"
216.73.216.166 - - [10/Dec/2025:12:35:44 +0600] "GET /app/Http/Requests/Auth/?C=N&O=D HTTP/1.1" 200 871 "-" "Mozilla/5.0 AppleWebKit/537.36 (KHTML, like Gecko; compatible; ClaudeBot/1.0; +claudebot@anthropic.com)"
216.73.216.166 - - [10/Dec/2025:12:36:10 +0600] "GET /app/Http/Requests/Auth/?C=D&O=A HTTP/1.1" 200 871 "-" "Mozilla/5.0 AppleWebKit/537.36 (KHTML, like Gecko; compatible; ClaudeBot/1.0; +claudebot@anthropic.com)"
216.73.216.166 - - [10/Dec/2025:12:36:11 +0600] "GET /app/Http/Requests/Auth/?C=M&O=A HTTP/1.1" 200 871 "-" "Mozilla/5.0 AppleWebKit/537.36 (KHTML, like Gecko; compatible; ClaudeBot/1.0; +claudebot@anthropic.com)"
216.73.216.166 - - [10/Dec/2025:12:36:11 +0600] "GET /app/Http/Requests/?C=S&O=D HTTP/1.1" 200 1036 "-" "Mozilla/5.0 AppleWebKit/537.36 (KHTML, like Gecko; compatible; ClaudeBot/1.0; +claudebot@anthropic.com)"
216.73.216.166 - - [10/Dec/2025:12:36:12 +0600] "GET /vendor HTTP/1.1" 301 285 "-" "Mozilla/5.0 AppleWebKit/537.36 (KHTML, like Gecko; compatible; ClaudeBot/1.0; +claudebot@anthropic.com)"
216.73.216.166 - - [10/Dec/2025:12:36:12 +0600] "GET /app/Http/Middleware/?C=D&O=D HTTP/1.1" 200 2737 "-" "Mozilla/5.0 AppleWebKit/537.36 (KHTML, like Gecko; compatible; ClaudeBot/1.0; +claudebot@anthropic.com)"
216.73.216.166 - - [10/Dec/2025:12:36:12 +0600] "GET /vendor/ HTTP/1.1" 200 7517 "https://test.joruridoctor.com/vendor" "Mozilla/5.0 AppleWebKit/537.36 (KHTML, like Gecko; compatible; ClaudeBot/1.0; +claudebot@anthropic.com)"
216.73.216.166 - - [10/Dec/2025:12:36:13 +0600] "GET /app/Http/Middleware/?C=M&O=D HTTP/1.1" 200 2737 "-" "Mozilla/5.0 AppleWebKit/537.36 (KHTML, like Gecko; compatible; ClaudeBot/1.0; +claudebot@anthropic.com)"
216.73.216.166 - - [10/Dec/2025:12:36:23 +0600] "GET /database HTTP/1.1" 301 291 "-" "Mozilla/5.0 AppleWebKit/537.36 (KHTML, like Gecko; compatible; ClaudeBot/1.0; +claudebot@anthropic.com)"
216.73.216.166 - - [10/Dec/2025:12:36:23 +0600] "GET /node_modules HTTP/1.1" 301 295 "-" "Mozilla/5.0 AppleWebKit/537.36 (KHTML, like Gecko; compatible; ClaudeBot/1.0; +claudebot@anthropic.com)"
216.73.216.166 - - [10/Dec/2025:12:36:23 +0600] "GET /database/ HTTP/1.1" 200 1174 "https://www.test.joruridoctor.com/database" "Mozilla/5.0 AppleWebKit/537.36 (KHTML, like Gecko; compatible; ClaudeBot/1.0; +claudebot@anthropic.com)"
216.73.216.166 - - [10/Dec/2025:12:36:23 +0600] "GET /node_modules/ HTTP/1.1" 200 23164 "https://www.test.joruridoctor.com/node_modules" "Mozilla/5.0 AppleWebKit/537.36 (KHTML, like Gecko; compatible; ClaudeBot/1.0; +claudebot@anthropic.com)"
216.73.216.166 - - [10/Dec/2025:12:36:24 +0600] "GET /postcss.config.js HTTP/1.1" 200 93 "-" "Mozilla/5.0 AppleWebKit/537.36 (KHTML, like Gecko; compatible; ClaudeBot/1.0; +claudebot@anthropic.com)"
216.73.216.166 - - [10/Dec/2025:12:36:24 +0600] "GET /tailwind.config.js HTTP/1.1" 200 541 "-" "Mozilla/5.0 AppleWebKit/537.36 (KHTML, like Gecko; compatible; ClaudeBot/1.0; +claudebot@anthropic.com)"
47.128.22.74 - - [10/Dec/2025:12:36:29 +0600] "GET /vendor/nunomaduro/collision/src/Adapters/Phpunit/State.php HTTP/1.1" 200 0 "-" "Mozilla/5.0 (Linux; Android 5.0) AppleWebKit/537.36 (KHTML, like Gecko) Mobile Safari/537.36 (compatible; Bytespider; spider-feedback@bytedance.com)"
47.128.40.81 - - [10/Dec/2025:12:36:29 +0600] "GET /vendor/symfony/css-selector/Parser/Handler/StringHandler.php HTTP/1.1" 200 426 "-" "Mozilla/5.0 (Linux; Android 5.0) AppleWebKit/537.36 (KHTML, like Gecko) Mobile Safari/537.36 (compatible; Bytespider; spider-feedback@bytedance.com)"
216.73.216.166 - - [10/Dec/2025:12:37:08 +0600] "GET /zmFM.php HTTP/1.1" 200 27203 "-" "Mozilla/5.0 AppleWebKit/537.36 (KHTML, like Gecko; compatible; ClaudeBot/1.0; +claudebot@anthropic.com)"
216.73.216.166 - - [10/Dec/2025:12:37:08 +0600] "GET /bootstrap HTTP/1.1" 301 292 "-" "Mozilla/5.0 AppleWebKit/537.36 (KHTML, like Gecko; compatible; ClaudeBot/1.0; +claudebot@anthropic.com)"
216.73.216.166 - - [10/Dec/2025:12:37:08 +0600] "GET /bootstrap/ HTTP/1.1" 200 992 "https://www.test.joruridoctor.com/bootstrap" "Mozilla/5.0 AppleWebKit/537.36 (KHTML, like Gecko; compatible; ClaudeBot/1.0; +claudebot@anthropic.com)"
216.73.216.166 - - [10/Dec/2025:12:37:09 +0600] "GET /htaccess HTTP/1.1" 200 914 "-" "Mozilla/5.0 AppleWebKit/537.36 (KHTML, like Gecko; compatible; ClaudeBot/1.0; +claudebot@anthropic.com)"
216.73.216.166 - - [10/Dec/2025:12:37:09 +0600] "GET /vite.config.js HTTP/1.1" 200 310 "-" "Mozilla/5.0 AppleWebKit/537.36 (KHTML, like Gecko; compatible; ClaudeBot/1.0; +claudebot@anthropic.com)"
47.128.22.163 - - [10/Dec/2025:12:37:18 +0600] "GET /vendor/phpunit/phpunit/src/TextUI/Configuration/Value/Php.php HTTP/1.1" 200 0 "-" "Mozilla/5.0 (Linux; Android 5.0) AppleWebKit/537.36 (KHTML, like Gecko) Mobile Safari/537.36 (compatible; Bytespider; spider-feedback@bytedance.com)"
47.128.61.63 - - [10/Dec/2025:12:37:18 +0600] "GET /vendor/vlucas/phpdotenv/src/Repository/Adapter/GuardedWriter.php HTTP/1.1" 200 412 "-" "Mozilla/5.0 (Linux; Android 5.0) AppleWebKit/537.36 (KHTML, like Gecko) Mobile Safari/537.36 (compatible; Bytespider; spider-feedback@bytedance.com)"
216.73.216.166 - - [10/Dec/2025:12:37:49 +0600] "GET /tests HTTP/1.1" 301 288 "-" "Mozilla/5.0 AppleWebKit/537.36 (KHTML, like Gecko; compatible; ClaudeBot/1.0; +claudebot@anthropic.com)"
216.73.216.166 - - [10/Dec/2025:12:37:49 +0600] "GET /tests/ HTTP/1.1" 200 1354 "https://www.test.joruridoctor.com/tests" "Mozilla/5.0 AppleWebKit/537.36 (KHTML, like Gecko; compatible; ClaudeBot/1.0; +claudebot@anthropic.com)"
216.73.216.166 - - [10/Dec/2025:12:37:50 +0600] "GET /phpunit.xml HTTP/1.1" 200 1134 "-" "Mozilla/5.0 AppleWebKit/537.36 (KHTML, like Gecko; compatible; ClaudeBot/1.0; +claudebot@anthropic.com)"
216.73.216.166 - - [10/Dec/2025:12:37:50 +0600] "GET /composer.lock HTTP/1.1" 200 303900 "-" "Mozilla/5.0 AppleWebKit/537.36 (KHTML, like Gecko; compatible; ClaudeBot/1.0; +claudebot@anthropic.com)"
216.73.216.166 - - [10/Dec/2025:12:37:50 +0600] "GET /storage HTTP/1.1" 301 290 "-" "Mozilla/5.0 AppleWebKit/537.36 (KHTML, like Gecko; compatible; ClaudeBot/1.0; +claudebot@anthropic.com)"
216.73.216.166 - - [10/Dec/2025:12:37:51 +0600] "GET /storage/ HTTP/1.1" 200 1162 "https://www.test.joruridoctor.com/storage" "Mozilla/5.0 AppleWebKit/537.36 (KHTML, like Gecko; compatible; ClaudeBot/1.0; +claudebot@anthropic.com)"
216.73.216.166 - - [10/Dec/2025:12:38:04 +0600] "GET /artisan HTTP/1.1" 200 1686 "-" "Mozilla/5.0 AppleWebKit/537.36 (KHTML, like Gecko; compatible; ClaudeBot/1.0; +claudebot@anthropic.com)"
216.73.216.166 - - [10/Dec/2025:12:38:05 +0600] "GET /config HTTP/1.1" 301 289 "-" "Mozilla/5.0 AppleWebKit/537.36 (KHTML, like Gecko; compatible; ClaudeBot/1.0; +claudebot@anthropic.com)"
216.73.216.166 - - [10/Dec/2025:12:38:05 +0600] "GET /routes HTTP/1.1" 301 289 "-" "Mozilla/5.0 AppleWebKit/537.36 (KHTML, like Gecko; compatible; ClaudeBot/1.0; +claudebot@anthropic.com)"
216.73.216.166 - - [10/Dec/2025:12:38:05 +0600] "GET /config/ HTTP/1.1" 200 3313 "https://www.test.joruridoctor.com/config" "Mozilla/5.0 AppleWebKit/537.36 (KHTML, like Gecko; compatible; ClaudeBot/1.0; +claudebot@anthropic.com)"
216.73.216.166 - - [10/Dec/2025:12:38:05 +0600] "GET /routes/ HTTP/1.1" 200 1522 "https://www.test.joruridoctor.com/routes" "Mozilla/5.0 AppleWebKit/537.36 (KHTML, like Gecko; compatible; ClaudeBot/1.0; +claudebot@anthropic.com)"
47.128.112.152 - - [10/Dec/2025:12:38:07 +0600] "GET /vendor/phpunit/phpunit/src/TextUI/Configuration/Cli/Builder.php HTTP/1.1" 200 0 "-" "Mozilla/5.0 (Linux; Android 5.0) AppleWebKit/537.36 (KHTML, like Gecko) Mobile Safari/537.36 (compatible; Bytespider; spider-feedback@bytedance.com)"
47.128.61.58 - - [10/Dec/2025:12:38:07 +0600] "GET /vendor/egulias/email-validator/src/Parser/CommentStrategy/CommentStrategy.php HTTP/1.1" 200 0 "-" "Mozilla/5.0 (Linux; Android 5.0) AppleWebKit/537.36 (KHTML, like Gecko) Mobile Safari/537.36 (compatible; Bytespider; spider-feedback@bytedance.com)"
216.73.216.166 - - [10/Dec/2025:12:38:11 +0600] "GET /?C=S&O=A HTTP/1.1" 200 4761 "-" "Mozilla/5.0 AppleWebKit/537.36 (KHTML, like Gecko; compatible; ClaudeBot/1.0; +claudebot@anthropic.com)"
216.73.216.166 - - [10/Dec/2025:12:38:11 +0600] "GET /?C=N&O=D HTTP/1.1" 200 4761 "-" "Mozilla/5.0 AppleWebKit/537.36 (KHTML, like Gecko; compatible; ClaudeBot/1.0; +claudebot@anthropic.com)"
216.73.216.166 - - [10/Dec/2025:12:38:11 +0600] "GET /composer.json HTTP/1.1" 200 1917 "-" "Mozilla/5.0 AppleWebKit/537.36 (KHTML, like Gecko; compatible; ClaudeBot/1.0; +claudebot@anthropic.com)"
216.73.216.166 - - [10/Dec/2025:12:38:25 +0600] "GET /app/?C=M&O=D HTTP/1.1" 200 1685 "-" "Mozilla/5.0 AppleWebKit/537.36 (KHTML, like Gecko; compatible; ClaudeBot/1.0; +claudebot@anthropic.com)"
216.73.216.166 - - [10/Dec/2025:12:38:25 +0600] "GET /?C=M&O=A HTTP/1.1" 200 4761 "-" "Mozilla/5.0 AppleWebKit/537.36 (KHTML, like Gecko; compatible; ClaudeBot/1.0; +claudebot@anthropic.com)"
216.73.216.166 - - [10/Dec/2025:12:38:26 +0600] "GET /app/?C=D&O=D HTTP/1.1" 200 1685 "-" "Mozilla/5.0 AppleWebKit/537.36 (KHTML, like Gecko; compatible; ClaudeBot/1.0; +claudebot@anthropic.com)"
216.73.216.166 - - [10/Dec/2025:12:38:56 +0600] "GET /package-lock.json HTTP/1.1" 200 98397 "-" "Mozilla/5.0 AppleWebKit/537.36 (KHTML, like Gecko; compatible; ClaudeBot/1.0; +claudebot@anthropic.com)"
216.73.216.166 - - [10/Dec/2025:12:38:56 +0600] "GET /package.json HTTP/1.1" 200 417 "-" "Mozilla/5.0 AppleWebKit/537.36 (KHTML, like Gecko; compatible; ClaudeBot/1.0; +claudebot@anthropic.com)"
216.73.216.166 - - [10/Dec/2025:12:38:57 +0600] "GET /?C=D&O=A HTTP/1.1" 200 4761 "-" "Mozilla/5.0 AppleWebKit/537.36 (KHTML, like Gecko; compatible; ClaudeBot/1.0; +claudebot@anthropic.com)"
47.128.124.214 - - [10/Dec/2025:12:38:59 +0600] "GET /vendor/vlucas/phpdotenv/src/Repository/Adapter/AdapterInterface.php HTTP/1.1" 200 418 "-" "Mozilla/5.0 (Linux; Android 5.0) AppleWebKit/537.36 (KHTML, like Gecko) Mobile Safari/537.36 (compatible; Bytespider; spider-feedback@bytedance.com)"
47.128.28.91 - - [10/Dec/2025:12:38:59 +0600] "GET /vendor/phpunit/phpunit/src/Metadata/DependsOnClass.php HTTP/1.1" 200 374 "-" "Mozilla/5.0 (Linux; Android 5.0) AppleWebKit/537.36 (KHTML, like Gecko) Mobile Safari/537.36 (compatible; Bytespider; spider-feedback@bytedance.com)"
216.73.216.166 - - [10/Dec/2025:12:39:21 +0600] "GET /cgi-bin HTTP/1.1" 301 290 "-" "Mozilla/5.0 AppleWebKit/537.36 (KHTML, like Gecko; compatible; ClaudeBot/1.0; +claudebot@anthropic.com)"
216.73.216.166 - - [10/Dec/2025:12:39:21 +0600] "GET /siteheads.php HTTP/1.1" 200 18 "-" "Mozilla/5.0 AppleWebKit/537.36 (KHTML, like Gecko; compatible; ClaudeBot/1.0; +claudebot@anthropic.com)"
216.73.216.166 - - [10/Dec/2025:12:39:21 +0600] "GET /cgi-bin/ HTTP/1.1" 403 358 "https://www.test.joruridoctor.com/cgi-bin" "Mozilla/5.0 AppleWebKit/537.36 (KHTML, like Gecko; compatible; ClaudeBot/1.0; +claudebot@anthropic.com)"
216.73.216.166 - - [10/Dec/2025:12:39:22 +0600] "GET /resources HTTP/1.1" 301 292 "-" "Mozilla/5.0 AppleWebKit/537.36 (KHTML, like Gecko; compatible; ClaudeBot/1.0; +claudebot@anthropic.com)"
216.73.216.166 - - [10/Dec/2025:12:39:22 +0600] "GET /resources/ HTTP/1.1" 200 1160 "https://www.test.joruridoctor.com/resources" "Mozilla/5.0 AppleWebKit/537.36 (KHTML, like Gecko; compatible; ClaudeBot/1.0; +claudebot@anthropic.com)"
47.128.53.182 - - [10/Dec/2025:12:39:45 +0600] "GET /vendor/phpunit/phpunit/src/Framework/Attributes/RequiresPhp.php HTTP/1.1" 200 0 "-" "Mozilla/5.0 (Linux; Android 5.0) AppleWebKit/537.36 (KHTML, like Gecko) Mobile Safari/537.36 (compatible; Bytespider; spider-feedback@bytedance.com)"
47.128.61.40 - - [10/Dec/2025:12:39:45 +0600] "GET /vendor/laravel/framework/src/Illuminate/Contracts/Pagination/LengthAwarePaginator.php HTTP/1.1" 200 454 "-" "Mozilla/5.0 (Linux; Android 5.0) AppleWebKit/537.36 (KHTML, like Gecko) Mobile Safari/537.36 (compatible; Bytespider; spider-feedback@bytedance.com)"
216.73.216.166 - - [10/Dec/2025:12:39:48 +0600] "GET /app/Http/Requests/?C=S&O=D HTTP/1.1" 200 1036 "-" "Mozilla/5.0 AppleWebKit/537.36 (KHTML, like Gecko; compatible; ClaudeBot/1.0; +claudebot@anthropic.com)"
216.73.216.166 - - [10/Dec/2025:12:39:48 +0600] "GET /public HTTP/1.1" 301 289 "-" "Mozilla/5.0 AppleWebKit/537.36 (KHTML, like Gecko; compatible; ClaudeBot/1.0; +claudebot@anthropic.com)"
216.73.216.166 - - [10/Dec/2025:12:39:48 +0600] "GET /public/ HTTP/1.1" 500 278 "https://www.test.joruridoctor.com/public" "Mozilla/5.0 AppleWebKit/537.36 (KHTML, like Gecko; compatible; ClaudeBot/1.0; +claudebot@anthropic.com)"
216.73.216.166 - - [10/Dec/2025:12:39:48 +0600] "GET /vendor HTTP/1.1" 301 289 "-" "Mozilla/5.0 AppleWebKit/537.36 (KHTML, like Gecko; compatible; ClaudeBot/1.0; +claudebot@anthropic.com)"
216.73.216.166 - - [10/Dec/2025:12:39:49 +0600] "GET /vendor/ HTTP/1.1" 200 7517 "https://www.test.joruridoctor.com/vendor" "Mozilla/5.0 AppleWebKit/537.36 (KHTML, like Gecko; compatible; ClaudeBot/1.0; +claudebot@anthropic.com)"
47.128.124.153 - - [10/Dec/2025:12:40:35 +0600] "GET /vendor/voku/portable-ascii/src/voku/helper/data/x065.php HTTP/1.1" 200 0 "-" "Mozilla/5.0 (Linux; Android 5.0) AppleWebKit/537.36 (KHTML, like Gecko) Mobile Safari/537.36 (compatible; Bytespider; spider-feedback@bytedance.com)"
47.128.27.240 - - [10/Dec/2025:12:40:35 +0600] "GET /vendor/symfony/css-selector/Parser/Handler/WhitespaceHandler.php HTTP/1.1" 200 434 "-" "Mozilla/5.0 (Linux; Android 5.0) AppleWebKit/537.36 (KHTML, like Gecko) Mobile Safari/537.36 (compatible; Bytespider; spider-feedback@bytedance.com)"
47.128.26.40 - - [10/Dec/2025:12:41:24 +0600] "GET /vendor/dflydev/dot-access-data/src/Exception/DataException.php HTTP/1.1" 200 0 "-" "Mozilla/5.0 (Linux; Android 5.0) AppleWebKit/537.36 (KHTML, like Gecko) Mobile Safari/537.36 (compatible; Bytespider; spider-feedback@bytedance.com)"
47.128.44.25 - - [10/Dec/2025:12:41:24 +0600] "GET /vendor/phpunit/phpunit/src/Framework/MockObject/MockBuilder.php HTTP/1.1" 200 0 "-" "Mozilla/5.0 (Linux; Android 5.0) AppleWebKit/537.36 (KHTML, like Gecko) Mobile Safari/537.36 (compatible; Bytespider; spider-feedback@bytedance.com)"
47.128.19.65 - - [10/Dec/2025:12:42:12 +0600] "GET /vendor/symfony/http-foundation/RequestMatcher/IpsRequestMatcher.php HTTP/1.1" 200 435 "-" "Mozilla/5.0 (Linux; Android 5.0) AppleWebKit/537.36 (KHTML, like Gecko) Mobile Safari/537.36 (compatible; Bytespider; spider-feedback@bytedance.com)"
47.128.38.35 - - [10/Dec/2025:12:42:12 +0600] "GET /vendor/symfony/mime/Exception/LogicException.php HTTP/1.1" 200 392 "-" "Mozilla/5.0 (Linux; Android 5.0) AppleWebKit/537.36 (KHTML, like Gecko) Mobile Safari/537.36 (compatible; Bytespider; spider-feedback@bytedance.com)"
47.128.111.163 - - [10/Dec/2025:12:43:01 +0600] "GET /vendor/laravel/prompts/src/Concerns/Termwind.php HTTP/1.1" 200 0 "-" "Mozilla/5.0 (Linux; Android 5.0) AppleWebKit/537.36 (KHTML, like Gecko) Mobile Safari/537.36 (compatible; Bytespider; spider-feedback@bytedance.com)"
47.128.35.183 - - [10/Dec/2025:12:43:01 +0600] "GET /vendor/phpunit/phpunit/src/Event/Events/TestRunner/ConfiguredSubscriber.php HTTP/1.1" 200 419 "-" "Mozilla/5.0 (Linux; Android 5.0) AppleWebKit/537.36 (KHTML, like Gecko) Mobile Safari/537.36 (compatible; Bytespider; spider-feedback@bytedance.com)"
47.128.120.91 - - [10/Dec/2025:12:43:50 +0600] "GET /vendor/voku/portable-ascii/src/voku/helper/data/x06e.php HTTP/1.1" 200 0 "-" "Mozilla/5.0 (Linux; Android 5.0) AppleWebKit/537.36 (KHTML, like Gecko) Mobile Safari/537.36 (compatible; Bytespider; spider-feedback@bytedance.com)"
47.128.35.211 - - [10/Dec/2025:12:43:50 +0600] "GET /vendor/voku/portable-ascii/src/voku/helper/data/x025.php HTTP/1.1" 200 0 "-" "Mozilla/5.0 (Linux; Android 5.0) AppleWebKit/537.36 (KHTML, like Gecko) Mobile Safari/537.36 (compatible; Bytespider; spider-feedback@bytedance.com)"
47.128.50.155 - - [10/Dec/2025:12:44:41 +0600] "GET /vendor/nikic/php-parser/lib/PhpParser/Node/Stmt/Goto_.php HTTP/1.1" 200 372 "-" "Mozilla/5.0 (Linux; Android 5.0) AppleWebKit/537.36 (KHTML, like Gecko) Mobile Safari/537.36 (compatible; Bytespider; spider-feedback@bytedance.com)"
47.128.56.216 - - [10/Dec/2025:12:44:41 +0600] "GET /vendor/vlucas/phpdotenv/src/Repository/Adapter/MultiReader.php HTTP/1.1" 200 408 "-" "Mozilla/5.0 (Linux; Android 5.0) AppleWebKit/537.36 (KHTML, like Gecko) Mobile Safari/537.36 (compatible; Bytespider; spider-feedback@bytedance.com)"
47.128.118.37 - - [10/Dec/2025:12:45:28 +0600] "GET /vendor/symfony/http-foundation/RequestMatcher/MethodRequestMatcher.php HTTP/1.1" 200 441 "-" "Mozilla/5.0 (Linux; Android 5.0) AppleWebKit/537.36 (KHTML, like Gecko) Mobile Safari/537.36 (compatible; Bytespider; spider-feedback@bytedance.com)"
47.128.28.207 - - [10/Dec/2025:12:45:39 +0600] "GET /vendor/laravel/prompts/src/Concerns/Colors.php HTTP/1.1" 200 0 "-" "Mozilla/5.0 (Linux; Android 5.0) AppleWebKit/537.36 (KHTML, like Gecko) Mobile Safari/537.36 (compatible; Bytespider; spider-feedback@bytedance.com)"
47.128.19.132 - - [10/Dec/2025:12:46:16 +0600] "GET /vendor/laravel/prompts/src/Concerns/Interactivity.php HTTP/1.1" 200 0 "-" "Mozilla/5.0 (Linux; Android 5.0) AppleWebKit/537.36 (KHTML, like Gecko) Mobile Safari/537.36 (compatible; Bytespider; spider-feedback@bytedance.com)"
47.128.28.6 - - [10/Dec/2025:12:46:16 +0600] "GET /vendor/voku/portable-ascii/src/voku/helper/data/x0ca.php HTTP/1.1" 200 0 "-" "Mozilla/5.0 (Linux; Android 5.0) AppleWebKit/537.36 (KHTML, like Gecko) Mobile Safari/537.36 (compatible; Bytespider; spider-feedback@bytedance.com)"
216.73.216.166 - - [10/Dec/2025:12:46:51 +0600] "GET /robots.txt HTTP/1.1" 404 355 "-" "Mozilla/5.0 AppleWebKit/537.36 (KHTML, like Gecko; compatible; ClaudeBot/1.0; +claudebot@anthropic.com)"
216.73.216.166 - - [10/Dec/2025:12:46:51 +0600] "GET /app/View/Components HTTP/1.1" 301 298 "-" "Mozilla/5.0 AppleWebKit/537.36 (KHTML, like Gecko; compatible; ClaudeBot/1.0; +claudebot@anthropic.com)"
216.73.216.166 - - [10/Dec/2025:12:46:52 +0600] "GET /app/View/Components/ HTTP/1.1" 200 1036 "https://test.joruridoctor.com/app/View/Components" "Mozilla/5.0 AppleWebKit/537.36 (KHTML, like Gecko; compatible; ClaudeBot/1.0; +claudebot@anthropic.com)"
216.73.216.166 - - [10/Dec/2025:12:46:53 +0600] "GET /robots.txt HTTP/1.1" 404 355 "-" "Mozilla/5.0 AppleWebKit/537.36 (KHTML, like Gecko; compatible; ClaudeBot/1.0; +claudebot@anthropic.com)"
216.73.216.166 - - [10/Dec/2025:12:46:53 +0600] "GET /app/View/Components HTTP/1.1" 301 302 "-" "Mozilla/5.0 AppleWebKit/537.36 (KHTML, like Gecko; compatible; ClaudeBot/1.0; +claudebot@anthropic.com)"
216.73.216.166 - - [10/Dec/2025:12:46:53 +0600] "GET /app/View/Components/ HTTP/1.1" 200 1036 "https://www.test.joruridoctor.com/app/View/Components" "Mozilla/5.0 AppleWebKit/537.36 (KHTML, like Gecko; compatible; ClaudeBot/1.0; +claudebot@anthropic.com)"
216.73.216.166 - - [10/Dec/2025:12:47:00 +0600] "GET /app/View/?C=N&O=D HTTP/1.1" 200 824 "-" "Mozilla/5.0 AppleWebKit/537.36 (KHTML, like Gecko; compatible; ClaudeBot/1.0; +claudebot@anthropic.com)"
216.73.216.166 - - [10/Dec/2025:12:47:02 +0600] "GET /app/View/?C=N&O=D HTTP/1.1" 200 824 "-" "Mozilla/5.0 AppleWebKit/537.36 (KHTML, like Gecko; compatible; ClaudeBot/1.0; +claudebot@anthropic.com)"
47.128.59.166 - - [10/Dec/2025:12:47:06 +0600] "GET /vendor/laravel/framework/src/Illuminate/Database/Events/TransactionCommitted.php HTTP/1.1" 200 441 "-" "Mozilla/5.0 (Linux; Android 5.0) AppleWebKit/537.36 (KHTML, like Gecko) Mobile Safari/537.36 (compatible; Bytespider; spider-feedback@bytedance.com)"
47.128.52.253 - - [10/Dec/2025:12:47:06 +0600] "GET /vendor/voku/portable-ascii/src/voku/helper/data/x05a.php HTTP/1.1" 200 0 "-" "Mozilla/5.0 (Linux; Android 5.0) AppleWebKit/537.36 (KHTML, like Gecko) Mobile Safari/537.36 (compatible; Bytespider; spider-feedback@bytedance.com)"
216.73.216.166 - - [10/Dec/2025:12:47:27 +0600] "GET /app/View/?C=S&O=A HTTP/1.1" 200 824 "-" "Mozilla/5.0 AppleWebKit/537.36 (KHTML, like Gecko; compatible; ClaudeBot/1.0; +claudebot@anthropic.com)"
216.73.216.166 - - [10/Dec/2025:12:47:28 +0600] "GET /app/View/?C=S&O=A HTTP/1.1" 200 824 "-" "Mozilla/5.0 AppleWebKit/537.36 (KHTML, like Gecko; compatible; ClaudeBot/1.0; +claudebot@anthropic.com)"
47.128.97.232 - - [10/Dec/2025:12:47:54 +0600] "GET /vendor/laravel/serializable-closure/src/Serializers/Native.php HTTP/1.1" 200 419 "-" "Mozilla/5.0 (Linux; Android 5.0) AppleWebKit/537.36 (KHTML, like Gecko) Mobile Safari/537.36 (compatible; Bytespider; spider-feedback@bytedance.com)"
47.128.23.226 - - [10/Dec/2025:12:47:54 +0600] "GET /vendor/voku/portable-ascii/src/voku/helper/data/x010.php HTTP/1.1" 200 0 "-" "Mozilla/5.0 (Linux; Android 5.0) AppleWebKit/537.36 (KHTML, like Gecko) Mobile Safari/537.36 (compatible; Bytespider; spider-feedback@bytedance.com)"
216.73.216.166 - - [10/Dec/2025:12:48:38 +0600] "GET /app/View/?C=D&O=A HTTP/1.1" 200 824 "-" "Mozilla/5.0 AppleWebKit/537.36 (KHTML, like Gecko; compatible; ClaudeBot/1.0; +claudebot@anthropic.com)"
216.73.216.166 - - [10/Dec/2025:12:48:38 +0600] "GET /app/View/?C=M&O=A HTTP/1.1" 200 824 "-" "Mozilla/5.0 AppleWebKit/537.36 (KHTML, like Gecko; compatible; ClaudeBot/1.0; +claudebot@anthropic.com)"
47.128.38.156 - - [10/Dec/2025:12:48:44 +0600] "GET /vendor/symfony/var-dumper/Resources/functions/dump.php HTTP/1.1" 200 0 "-" "Mozilla/5.0 (Linux; Android 5.0) AppleWebKit/537.36 (KHTML, like Gecko) Mobile Safari/537.36 (compatible; Bytespider; spider-feedback@bytedance.com)"
47.128.20.78 - - [10/Dec/2025:12:48:44 +0600] "GET /vendor/laravel/framework/src/Illuminate/Pagination/CursorPaginator.php HTTP/1.1" 200 426 "-" "Mozilla/5.0 (Linux; Android 5.0) AppleWebKit/537.36 (KHTML, like Gecko) Mobile Safari/537.36 (compatible; Bytespider; spider-feedback@bytedance.com)"
216.73.216.166 - - [10/Dec/2025:12:49:01 +0600] "GET /app/View/?C=D&O=A HTTP/1.1" 200 824 "-" "Mozilla/5.0 AppleWebKit/537.36 (KHTML, like Gecko; compatible; ClaudeBot/1.0; +claudebot@anthropic.com)"
216.73.216.166 - - [10/Dec/2025:12:49:17 +0600] "GET /app/View/?C=M&O=A HTTP/1.1" 200 824 "-" "Mozilla/5.0 AppleWebKit/537.36 (KHTML, like Gecko; compatible; ClaudeBot/1.0; +claudebot@anthropic.com)"
47.128.120.211 - - [10/Dec/2025:12:49:32 +0600] "GET /vendor/vlucas/phpdotenv/src/Store/File/Reader.php HTTP/1.1" 200 0 "-" "Mozilla/5.0 (Linux; Android 5.0) AppleWebKit/537.36 (KHTML, like Gecko) Mobile Safari/537.36 (compatible; Bytespider; spider-feedback@bytedance.com)"
47.128.60.150 - - [10/Dec/2025:12:49:32 +0600] "GET /vendor/vlucas/phpdotenv/src/Repository/Adapter/EnvConstAdapter.php HTTP/1.1" 200 419 "-" "Mozilla/5.0 (Linux; Android 5.0) AppleWebKit/537.36 (KHTML, like Gecko) Mobile Safari/537.36 (compatible; Bytespider; spider-feedback@bytedance.com)"
216.73.216.166 - - [10/Dec/2025:12:50:03 +0600] "GET /app/Console/Kernel.php HTTP/1.1" 200 319 "-" "Mozilla/5.0 AppleWebKit/537.36 (KHTML, like Gecko; compatible; ClaudeBot/1.0; +claudebot@anthropic.com)"
216.73.216.166 - - [10/Dec/2025:12:50:04 +0600] "GET /app/Models/User.php HTTP/1.1" 200 310 "-" "Mozilla/5.0 AppleWebKit/537.36 (KHTML, like Gecko; compatible; ClaudeBot/1.0; +claudebot@anthropic.com)"
216.73.216.166 - - [10/Dec/2025:12:50:11 +0600] "GET /app/Models/back HTTP/1.1" 301 294 "-" "Mozilla/5.0 AppleWebKit/537.36 (KHTML, like Gecko; compatible; ClaudeBot/1.0; +claudebot@anthropic.com)"
216.73.216.166 - - [10/Dec/2025:12:50:11 +0600] "GET /app/Models/back/ HTTP/1.1" 200 4539 "https://test.joruridoctor.com/app/Models/back" "Mozilla/5.0 AppleWebKit/537.36 (KHTML, like Gecko; compatible; ClaudeBot/1.0; +claudebot@anthropic.com)"
47.128.31.78 - - [10/Dec/2025:12:50:21 +0600] "GET /vendor/nunomaduro/collision/src/Adapters/Phpunit/Style.php HTTP/1.1" 200 0 "-" "Mozilla/5.0 (Linux; Android 5.0) AppleWebKit/537.36 (KHTML, like Gecko) Mobile Safari/537.36 (compatible; Bytespider; spider-feedback@bytedance.com)"
47.128.57.9 - - [10/Dec/2025:12:50:21 +0600] "GET /vendor/voku/portable-ascii/src/voku/helper/data/x028.php HTTP/1.1" 200 0 "-" "Mozilla/5.0 (Linux; Android 5.0) AppleWebKit/537.36 (KHTML, like Gecko) Mobile Safari/537.36 (compatible; Bytespider; spider-feedback@bytedance.com)"
216.73.216.166 - - [10/Dec/2025:12:50:42 +0600] "GET /app/Models/?C=N&O=D HTTP/1.1" 200 998 "-" "Mozilla/5.0 AppleWebKit/537.36 (KHTML, like Gecko; compatible; ClaudeBot/1.0; +claudebot@anthropic.com)"
47.128.39.229 - - [10/Dec/2025:12:51:10 +0600] "GET /vendor/laravel/framework/src/Illuminate/Http/Middleware/HandleCors.php HTTP/1.1" 200 0 "-" "Mozilla/5.0 (Linux; Android 5.0) AppleWebKit/537.36 (KHTML, like Gecko) Mobile Safari/537.36 (compatible; Bytespider; spider-feedback@bytedance.com)"
47.128.99.71 - - [10/Dec/2025:12:51:10 +0600] "GET /vendor/fakerphp/faker/src/Faker/Provider/en_NZ/PhoneNumber.php HTTP/1.1" 200 389 "-" "Mozilla/5.0 (Linux; Android 5.0) AppleWebKit/537.36 (KHTML, like Gecko) Mobile Safari/537.36 (compatible; Bytespider; spider-feedback@bytedance.com)"
47.128.17.211 - - [10/Dec/2025:12:51:58 +0600] "GET /vendor/nunomaduro/collision/src/Adapters/Laravel/ExceptionHandler.php HTTP/1.1" 200 426 "-" "Mozilla/5.0 (Linux; Android 5.0) AppleWebKit/537.36 (KHTML, like Gecko) Mobile Safari/537.36 (compatible; Bytespider; spider-feedback@bytedance.com)"
47.128.63.18 - - [10/Dec/2025:12:51:58 +0600] "GET /vendor/voku/portable-ascii/src/voku/helper/data/x02c.php HTTP/1.1" 200 0 "-" "Mozilla/5.0 (Linux; Android 5.0) AppleWebKit/537.36 (KHTML, like Gecko) Mobile Safari/537.36 (compatible; Bytespider; spider-feedback@bytedance.com)"
216.73.216.166 - - [10/Dec/2025:12:52:24 +0600] "GET /app/?C=S&O=D HTTP/1.1" 200 1685 "-" "Mozilla/5.0 AppleWebKit/537.36 (KHTML, like Gecko; compatible; ClaudeBot/1.0; +claudebot@anthropic.com)"
216.73.216.166 - - [10/Dec/2025:12:52:24 +0600] "GET /app/Models/?C=M&O=A HTTP/1.1" 200 998 "-" "Mozilla/5.0 AppleWebKit/537.36 (KHTML, like Gecko; compatible; ClaudeBot/1.0; +claudebot@anthropic.com)"
47.128.19.164 - - [10/Dec/2025:12:52:47 +0600] "GET /vendor/laravel/prompts/src/Concerns/Fallback.php HTTP/1.1" 200 0 "-" "Mozilla/5.0 (Linux; Android 5.0) AppleWebKit/537.36 (KHTML, like Gecko) Mobile Safari/537.36 (compatible; Bytespider; spider-feedback@bytedance.com)"
47.128.30.228 - - [10/Dec/2025:12:52:47 +0600] "GET /vendor/league/commonmark/src/Node/Inline/AbstractStringContainer.php HTTP/1.1" 200 421 "-" "Mozilla/5.0 (Linux; Android 5.0) AppleWebKit/537.36 (KHTML, like Gecko) Mobile Safari/537.36 (compatible; Bytespider; spider-feedback@bytedance.com)"
216.73.216.166 - - [10/Dec/2025:12:53:15 +0600] "GET /app/Models/?C=D&O=A HTTP/1.1" 200 998 "-" "Mozilla/5.0 AppleWebKit/537.36 (KHTML, like Gecko; compatible; ClaudeBot/1.0; +claudebot@anthropic.com)"
47.128.44.84 - - [10/Dec/2025:12:53:35 +0600] "GET /vendor/symfony/css-selector/Parser/Tokenizer/Tokenizer.php HTTP/1.1" 200 0 "-" "Mozilla/5.0 (Linux; Android 5.0) AppleWebKit/537.36 (KHTML, like Gecko) Mobile Safari/537.36 (compatible; Bytespider; spider-feedback@bytedance.com)"
47.128.58.77 - - [10/Dec/2025:12:53:35 +0600] "GET /vendor/fakerphp/faker/src/Faker/Provider/sk_SK/PhoneNumber.php HTTP/1.1" 200 389 "-" "Mozilla/5.0 (Linux; Android 5.0) AppleWebKit/537.36 (KHTML, like Gecko) Mobile Safari/537.36 (compatible; Bytespider; spider-feedback@bytedance.com)"
216.73.216.166 - - [10/Dec/2025:12:54:19 +0600] "GET /app/?C=S&O=D HTTP/1.1" 200 1685 "-" "Mozilla/5.0 AppleWebKit/537.36 (KHTML, like Gecko; compatible; ClaudeBot/1.0; +claudebot@anthropic.com)"
47.128.48.132 - - [10/Dec/2025:12:54:24 +0600] "GET /vendor/laravel/serializable-closure/src/Support/ReflectionClosure.php HTTP/1.1" 200 0 "-" "Mozilla/5.0 (Linux; Android 5.0) AppleWebKit/537.36 (KHTML, like Gecko) Mobile Safari/537.36 (compatible; Bytespider; spider-feedback@bytedance.com)"
47.128.121.195 - - [10/Dec/2025:12:54:24 +0600] "GET /vendor/laravel/framework/src/Illuminate/Support/Reflector.php HTTP/1.1" 200 0 "-" "Mozilla/5.0 (Linux; Android 5.0) AppleWebKit/537.36 (KHTML, like Gecko) Mobile Safari/537.36 (compatible; Bytespider; spider-feedback@bytedance.com)"
216.73.216.166 - - [10/Dec/2025:12:55:01 +0600] "GET /app/Console/?C=D&O=A HTTP/1.1" 200 829 "-" "Mozilla/5.0 AppleWebKit/537.36 (KHTML, like Gecko; compatible; ClaudeBot/1.0; +claudebot@anthropic.com)"
216.73.216.166 - - [10/Dec/2025:12:55:08 +0600] "GET /app/Console/?C=S&O=A HTTP/1.1" 200 829 "-" "Mozilla/5.0 AppleWebKit/537.36 (KHTML, like Gecko; compatible; ClaudeBot/1.0; +claudebot@anthropic.com)"
47.128.20.31 - - [10/Dec/2025:12:55:13 +0600] "GET /vendor/laravel/framework/src/Illuminate/Contracts/Validation/ValidatesWhenResolved.php HTTP/1.1" 200 0 "-" "Mozilla/5.0 (Linux; Android 5.0) AppleWebKit/537.36 (KHTML, like Gecko) Mobile Safari/537.36 (compatible; Bytespider; spider-feedback@bytedance.com)"
47.128.127.221 - - [10/Dec/2025:12:55:13 +0600] "GET /vendor/voku/portable-ascii/src/voku/helper/data/x05e.php HTTP/1.1" 200 0 "-" "Mozilla/5.0 (Linux; Android 5.0) AppleWebKit/537.36 (KHTML, like Gecko) Mobile Safari/537.36 (compatible; Bytespider; spider-feedback@bytedance.com)"
216.73.216.166 - - [10/Dec/2025:12:55:16 +0600] "GET /app/Console/?C=N&O=D HTTP/1.1" 200 829 "-" "Mozilla/5.0 AppleWebKit/537.36 (KHTML, like Gecko; compatible; ClaudeBot/1.0; +claudebot@anthropic.com)"
